+ 7?
-10c5
In base 8, what is -15 - -42?
25
In base 6, what is 3 - -221?
224
In base 11, what is 21 + -39?
-18
In base 13, what is -1b0 - -c?
-1a1
In base 5, what is -3 - 434?
-442
In base 4, what is -13030 + -11?
-13101
In base 11, what is -4 + 949?
945
In base 15, what is -4 + e4?
e0
In base 12, what is -87 + 9?
-7a
In base 2, what is 110 - -100?
1010
In base 11, what is 156 - 3?
153
In base 2, what is -10 + -11101010110?
-11101011000
In base 10, what is -86 - -2?
-84
In base 6, what is 5 - 24?
-15
In base 4, what is -1 + 1010?
1003
In base 4, what is 213010 + -20?
212330
In base 7, what is -1651 + -5?
-1656
In base 9, what is 6 - -55?
62
In base 12, what is -96 + -2b?
-105
In base 3, what is 11110112 - -10?
11110122
In base 15, what is 4 + 2b7?
2bb
In base 7, what is 20 + -60?
-40
In base 6, what is -4 - 101?
-105
In base 6, what is -25340 - -1?
-25335
In base 2, what is 1 + -100110001011?
-100110001010
In base 6, what is 1054 + -13?
1041
In base 15, what is 18 + -2?
16
In base 14, what is -5 + 95?
90
In base 7, what is 2 - -260?
262
In base 8, what is 3 - 642?
-637
In base 5, what is 12 - -314?
331
In base 4, what is 2331 + 123?
3120
In base 10, what is -200 - 4?
-204
In base 10, what is -1 - 203?
-204
In base 2, what is -11001110 + -101?
-11010011
In base 2, what is -11100 - 101010000?
-101101100
In base 14, what is 1 - 740?
-73d
In base 2, what is -1100 + 10000?
100
In base 14, what is 5 - 2?
3
In base 15, what is 2 - 82a?
-828
In base 7, what is 0 - 62?
-62
In base 9, what is 405 - 4?
401
In base 6, what is -1153 + -4?
-1201
In base 12, what is 1a - -11?
2b
In base 8, what is -6 - -1507?
1501
In base 4, what is -3 + 313?
310
In base 5, what is 302 - 1233?
-431
In base 12, what is 1b4 - -7?
1bb
In base 5, what is 1243 - 120?
1123
In base 12, what is 49 - -7?
54
In base 13, what is -62 + 2?
-60
In base 13, what is 4573 - 2?
4571
In base 6, what is 53 - -12?
105
In base 9, what is -548 - 0?
-548
In base 9, what is -182 + 22?
-160
In base 13, what is 3 + 48?
4b
In base 3, what is 10012221 + 2?
10020000
In base 10, what is -11 + -33?
-44
In base 10, what is -1 + 3635?
3634
In base 10, what is 1101 + -1?
1100
In base 9, what is 2 + -42?
-40
In base 9, what is 17 - -67?
85
In base 4, what is 31 - 20?
11
In base 12, what is -5 - 9?
-12
In base 15, what is -41 + -4?
-45
In base 15, what is -d + -4a?
-58
In base 3, what is 21 - 1222?
-1201
In base 3, what is 101120 - 2?
101111
In base 2, what is 10000110 + -100?
10000010
In base 10, what is 5 + -60?
-55
In base 4, what is 30010 + 13?
30023
In base 11, what is -11 - 238?
-249
In base 16, what is 2 - d9?
-d7
In base 7, what is 6 + 51?
60
In base 9, what is 4 + -4?
0
In base 15, what is -ac - 15?
-c2
In base 5, what is -2 - -224?
222
In base 14, what is 184 + -27?
15b
In base 5, what is -3310 - 1?
-3311
In base 3, what is 2 + -100110201?
-100110122
In base 4, what is 10 - -131220?
131230
In base 4, what is -1003132 - 1?
-1003133
In base 5, what is 3 - 241?
-233
In base 10, what is -98 + -15?
-113
In base 7, what is 1 + -1130?
-1126
In base 11, what is 2 + 221?
223
In base 3, what is 11 + -20101?
-20020
In base 12, what is 32 - -5?
37
In base 4, what is -1211 - -3?
-1202
In base 11, what is 6 - -18?
23
In base 12, what is 5 + -18?
-13
In base 11, what is 18 - 29?
-11
In base 7, what is 5 + 215?
223
In base 5, what is -2044 - 0?
-2044
In base 2, what is 10 + 110100?
110110
In base 11, what is -3 + a9?
a6
In base 14, what is 19 + 2?
1b
In base 13, what is -5 + c3?
bb
In base 14, what is 4 - -27c?
282
In base 12, what is 9 + -1a?
-11
In base 13, what is -4 + -18a?
-191
In base 12, what is 5 + -14?
-b
In base 5, what is -1013003 + 0?
-1013003
In base 16, what is 61 + -2f?
32
In base 12, what is -3 + 5?
2
In base 14, what is 263 + -3?
260
In base 6, what is 21 - 13?
4
In base 16, what is a + -5d?
-53
In base 10, what is 188 + -32?
156
In base 6, what is 4 + -1551?
-1543
In base 11, what is -2 + 446?
444
In base 16, what is 5 + -d?
-8
In base 7, what is 1335 - 0?
1335
In base 16, what is -2 - 36?
-38
In base 9, what is 58 - 4?
54
In base 3, what is 1 - 12112?
-12111
In base 9, what is -13202 - 5?
-13207
In base 7, what is 352 + 26?
411
In base 6, what is 10 - 11050?
-11040
In base 15, what is 1 + -34?
-33
In base 7, what is -605 + 1?
-604
In base 6, what is -1 + 5431?
5430
In base 12, what is -3739 - 1?
-373a
In base 16, what is 4 + 7?
b
In base 14, what is -c - 23?
-31
In base 4, what is 132 + -112?
20
In base 16, what is -a9 + -5?
-ae
In base 15, what is e + -6?
8
In base 2, what is -10 - -100100?
100010
In base 3, what is -10 + 2102?
2022
In base 12, what is a0 + 9?
a9
In base 9, what is 42151 + -2?
42148
In base 6, what is 14 - 343?
-325
In base 5, what is 4 - 34312?
-34303
In base 7, what is 443 + 50?
523
In base 10, what is -3 - -885?
882
In base 7, what is 3 + -1626?
-1623
In base 9, what is 2 - 31?
-28
In base 11, what is -161 - 0?
-161
In base 5, what is 221410 + -10?
221400
In base 4, what is 212 - 3?
203
In base 14, what is -5 - 19b2?
-19b7
In base 11, what is -1584 - 4?
-1588
In base 11, what is -4 - 211?
-215
In base 15, what is -5 - -211?
20b
In base 3, what is 11 + -10211?
-10200
In base 10, what is 18 - 6?
12
In base 3, what is -111102 - 10?
-111112
In base 16, what is 11b + -3?
118
In base 3, what is -101111 - 1?
-101112
In base 14, what is -188 - b?
-195
In base 3, what is -210112 - 1?
-210120
In base 11, what is -37 + -1?
-38
In base 12, what is 4 - -39?
41
In base 4, what is 101002 + -113?
100223
In base 11, what is 119 - -1?
11a
In base 16, what is -9 + 15f?
156
In base 9, what is 12 + -361?
-348
In base 3, what is 1110002 + 11?
1110020
In base 14, what is -102 - -34?
-ac
In base 2, what is -11000 - -1000011?
101011
In base 7, what is 0 + -2166?
-2166
In base 16, what is 1 - -645?
646
In base 8, what is -7 - -603?
574
In base 7, what is -10 - 14?
-24
In base 6, what is 1544 + 1?
1545
In base 12, what is -6 + -36?
-40
In base 8, what is -7 - -25?
16
In base 6, what is 0 + 230?
230
In base 11, what is -1670 + -4?
-1674
In base 6, what is -304 + -2?
-310
In base 3, what is 2 - 11011?
-11002
In base 11, what is 526 - -3?
529
In base 5, what is 3 - 103?
-100
In base 3, what is 0 - 2211001?
-2211001
In base 9, what is -5 - 11?
-16
In base 16, what is -3f + -6b?
-aa
In base 7, what is 6605 + 5?
6613
In base 2, what is -101101 + -11011010?
-100000111
In base 8, what is 1 - -303?
304
In base 10, what is -617 - 3?
-620
In base 14, what is -2 + 2a4?
2a2
In base 16, what is d + 3?
10
In base 11, what is -5 - -293?
289
In base 12, what is 32 + 0?
32
In base 10, what is -298 + 5?
-293
In base 5, what is -103 + -3023?
-3131
In base 11, what is -2758 + -2?
-275a
In base 15, what is -5 + -1d9c?
-1da2
In base 7, what is -2225 - 4?
-2232
In base 14, what is 8 + -10d?
-105
In base 9, what is 27 - 5?
22
In base 14, what is -102 + d?
-d3
In base 12, what is -74 + -2?
-76
In base 16, what is 1 - -c?
d
In base 6, what is 2 - 15210?
-15204
In base 6, what is 1 - 10415?
-10414
In base 9, what is -5 + -1543?
-1548
In base 7, what is -120 - -3?
-114
In base 16, what is 0 - -14e?
14e
In base 5, what is -4 - 2214?
-2223
In base 4, what is -2 - -1120?
1112
In base 6, what is 5 - 311?
-302
In base 16, what is 743 + -3?
740
In base 4, what is 2312221 + -2?
2312213
In base 7, what is 55 - -1?
56
In base 12, what is 3b8 + -2?
3b6
In base 14, what is -8a + -5?
-91
In base 14, what is -c - -52?
44
In base 9, what is -56 - 5?
-62
In base 9, what is 177 + 2?
180
In base 12, what is 1 + -170a?
-1709
In base 14, what is -8 - 5a?
-64
In base 2, what is -100101010011100 + 0?
-100101010011100
In base 13, what is -10 + -9?
-19
In base 9, what is -1228 + 2?
-1226
In base 12, what is 1 - 38?
-37
In base 10, what is 4 + 42?
46
In base 7, what is -14 + 252?
235
In base 13, what is -589 - 3?
-58c
In base 10, what is 309 - -3?
312
In base 5, what is 10111 + -10?
10101
In base 12, what is 429 - 1?
428
In base 8, what is 35 + 0?
35
In base 3, what is 10200 + -11?
10112
In base 7, what is -3 + -24401?
-24404
In base 7, what is -11 - -160?
146
In base 7, what is -10 + 156?
146
In base 4, what is 1103303 - -3?
1103312
In base 10, what is -5 + -122?
-127
In base 2, what is 101 - -100010?
100111
In base 13, what is -5 + -48?
-50
In base 